he prime factors of q.
2, 3, 5, 7
Let w = -15448 - -23471. What are the prime factors of w?
71, 113
Suppose -7*o + 5*i + 93014 = 0, 24*o + 2*i - 26596 = 22*o. List the prime factors of o.
2, 3323
Let j = 61204 - 32549. List the prime factors of j.
5, 11, 521
Suppose 0 = -g + 2*w - 1328 - 136, -g - w - 1455 = 0. Let i = g + 2134. List the prime factors of i.
2, 13
Let v(s) = 229 + 33*s**2 + 7*s - 2*s - 31*s**2. What are the prime factors of v(17)?
2, 223
Let n = 2600 + 263. List the prime factors of n.
7, 409
Let m = 52 + -46. Let c be 64/m*8/16*-3. What are the prime factors of 2 + c/7 + (-17172)/(-126)?
2, 17
Let b(f) = f**3 + 4*f**2 + f - 4. Let v be b(-3). Suppose v*n + 6*n = 0. What are the prime factors of 65 - -1 - (n + (-18)/6)?
3, 23
Let d(l) = 273*l**3 - 3*l**2 - 72*l + 241. List the prime factors of d(3).
7369
Let d(l) = -2666*l + 1206. What are the prime factors of d(-5)?
2, 23, 79
Let j = 50 + -50. Suppose j = 5*d + 71 + 19. Let i = d + 63. What are the prime factors of i?
3, 5
What are the prime factors of 1262355/230 + (-18)/4?
2, 3, 457
Let a(c) be the second derivative of 47*c**3/6 - 35*c**2/2 - 2126*c. Suppose 5*j - 16 = j. What are the prime factors of a(j)?
3, 17
Let m = -957 - -981. Suppose 7*s - m*s + 21267 = 0. What are the prime factors of s?
3, 139
Suppose -1137 = -2*k - 5*p, p = 2*k - 4*k + 1125. Let o = 901 - k. List the prime factors of o.
2, 5, 17
Let y = -38 - -34. Let o be 36/3*(-42)/y. Suppose 8*i - 2*i = o. What are the prime factors of i?
3, 7
Suppose -63 = 2*m + 2*x - 249, -2*m - 5*x = -201. Let f = m + -84. Suppose -241 = o - 4*o - 5*c, -273 = -f*o + 3*c. List the prime factors of o.
2, 3
Let d(q) = -2330*q - 7331. List the prime factors of d(-27).
55579
Suppose c - 3*r - 6 = -2*c, -2*c + 10 = 4*r. Suppose -6 = -3*b - c. Let f(l) = 38*l**3 - 2*l**2 + 1. List the prime factors of f(b).
37
Suppose -3*y + 2*s + 22 = 4*s, 5*s = y + 4. Suppose d + y = -0*d. What are the prime factors of (-284)/(-12) - (-3 + (-16)/d)?
2, 3
Suppose -111 = 9*r - 156. Suppose 5*y - 5*d - 1197 = -d, 2*d = r*y - 1201. List the prime factors of y.
241
Let r(t) = 3*t**2 - 5*t - 18. Let b(f) = -8*f. Let u(m) = -8*m. Let g(l) = -3*b(l) + 4*u(l). Let d be g(-1). What are the prime factors of r(d)?
2, 67
Suppose -6988596 = -270*s + 132*s. What are the prime factors of s?
2, 25321
Let q = -254 + 509. Let d be (-2422)/(-21)*(-3)/2. Let t = d + q. List the prime factors of t.
2, 41
Let s be 1798/(10/(-5) - -4). Let v = 1339 - s. List the prime factors of v.
2, 5, 11
Let c(u) be the first derivative of 13*u**2/2 - 5*u + 143. Suppose z + 1 - 4 = 0. List the prime factors of c(z).
2, 17
Let h be (3 - 6) + 6943 + 4. Suppose -15*o + o = -h. List the prime factors of o.
2, 31
Let r = 2553 - 774. List the prime factors of r.
3, 593
Let f be 0*(42/10 - 4). Suppose -9*b + 305 + 1576 = f. What are the prime factors of b?
11, 19
Let v = 96 - 111. Let c(n) = -9*n + 217. List the prime factors of c(v).
2, 11
Suppose 3*f = -4*x - 1 + 11, -2*f - 3*x + 6 = 0. What are the prime factors of (-20152)/(-48) - (-1)/f?
2, 3, 5, 7
Let i = 103 + 204. List the prime factors of i.
307
Suppose -4*g + 55428 = 3*k - 42456, 3*g = -9. What are the prime factors of k?
2, 4079
Suppose 3*p + 57843 = 3*u, -3*u - 19253 = -4*u - 3*p. What are the prime factors of u?
2, 23, 419
Suppose 0 = 3572*q - 3560*q - 4428. Let u(o) = -o**2 - o - 205. Let d be u(0). Let b = d + q. List the prime factors of b.
2, 41
Suppose -3*o - b - 47 = 0, 0 = 3*o + 5*b + 36 - 5. Let f(m) = m**3 + 18*m**2 + 17*m - 3. Let u be f(o). What are the prime factors of 8/(-3) - u - (-87)/9?
2, 5
Suppose -2*l + 320 = 3*v, -l + 159 = -0*l + v. Suppose -175 = -s - 3*o, s - 3*o - l = -0*s. List the prime factors of s.
2, 83
Let x = -1220 - -387. Let v = x - -1263. What are the prime factors of v?
2, 5, 43
Let p(u) = 9880*u - 4143. List the prime factors of p(3).
3, 2833
Suppose -13*z + 11065 = -8*z. Suppose 0*h = -h - u + 441, -3*u - z = -5*h. What are the prime factors of h?
2, 13, 17
Let h be 13/3 + 1 + (-248)/186. Suppose v - 3*m - 1087 = -h*m, 0 = -2*v - m + 2175. List the prime factors of v.
2, 17
Let r(n) = -9*n**2 + 4*n - 8. Let p(m) = 8*m**2 - 4*m + 5. Let a(j) = 4*p(j) + 3*r(j). List the prime factors of a(9).
5, 73
Let h = -11133 + 11662. What are the prime factors of h?
23
Let m be ((-28)/(-98))/((-2)/(-70)). Let q be 2142/12 + (-3 - m/(-4)). Suppose -q - 35 = -v. What are the prime factors of v?
3, 71
Let a(n) = -n**3 + 48*n**2 + 4*n - 60. List the prime factors of a(46).
2, 3, 11
Let l(r) = r**2 + 5*r - 41. Let y be l(26). Let t = y + -462. What are the prime factors of t?
3, 101
What are the prime factors of -1 + -86*((-2835)/14 - 0)?
2, 8707
List the prime factors of (51981/8)/(33/176).
2, 17327
Let p be 4/18 + (-20788)/(-9). What are the prime factors of (-3 - -2)/((-6)/p)?
5, 7, 11
Suppose 0 = -4*b - 722 + 4578. Suppose -36*i + 38*i = b. List the prime factors of i.
2, 241
Let h be (-11)/22 - (-2)/(-4)*-3. Let w = h + 3. Suppose w*s + q = -0*q + 36, -5*s + 3*q + 62 = 0. List the prime factors of s.
2, 5
Let i(p) = 12*p - 11 - p**3 - 11*p + 7*p**2 + 41 - 5*p**2. Let a be i(0). Suppose -a = -x + 4. What are the prime factors of x?
2, 17
Let g = -165 - -166. What are the prime factors of (-5967)/(-27) - 2*g?
3, 73
Suppose 0 = 482*h - 466*h - 95392. List the prime factors of h.
2, 11, 271
Let k = -490 - 2774. Suppose 2*g + 7*g - 54 = 0. What are the prime factors of 4/g + k/(-18)?
2, 7, 13
Let i(a) = 3*a**2 - 94*a + 34. Let k be i(31). Suppose 4484 = 4*y - k*g, 4*y - 4488 = -0*g + 4*g. What are the prime factors of y?
2, 13, 43
Suppose 20*n - 492321 + 9041 = 0. What are the prime factors of n?
2, 7, 863
Let v be 16/(-40) - (-17)/5. Suppose 4*f - 8 = 4*j, 2*f = -j - 0 + 4. Suppose 7*x + v*x - 1050 = j. What are the prime factors of x?
3, 5, 7
Let i = -13 - -31. Let g be 3/1*12/i. Suppose 2*y + 3*o - 169 = 0, -6*y + 406 = -y + g*o. List the prime factors of y.
2, 5
Let b(w) = -w + 33. Let t be b(-18). Suppose 48*q - t*q = -18. Suppose 220 = -c + q*c. What are the prime factors of c?
2, 11
Suppose 3*z + 775 = 8*z. Suppose 4*o - 65 = -f, -z = -f - 3*f + 5*o. Suppose 0 = -40*h + f*h - 165. What are the prime factors of h?
3, 11
List the prime factors of (-4)/(-54) + (-3 - 322941/(-81)).
2, 3, 83
Let i(p) = p + 12. Let h be i(-5). Suppose h*x + 70 = -0*x. What are the prime factors of (0 - -25)*(2 + 12/x)?
2, 5
Suppose -2*l = 6, 24*w + 19296 = 27*w + l. List the prime factors of w.
7, 919
List the prime factors of 7*-16453*(-656)/1148 + -11.
29, 2269
Let u(t) = 9 + 88*t**2 + 332*t**2 + 121*t**2 - 10*t - 146*t**2. What are the prime factors of u(1)?
2, 197
Let a be (-1601*(-1 + 2))/(-1). Let n = 2248 - a. Suppose 0 = -4*x + 5*s + n, s + 591 = 4*x - 44. What are the prime factors of x?
2, 79
Let n = -118 - -123. Suppose a - n*a + 5*h + 2347 = 0, -a + 583 = -2*h. List the prime factors of a.
593
Suppose 2*l + 4*v - 15 - 15 = 0, -5*v = -2*l - 15. Suppose l*o + 308 = 16*o. List the prime factors of o.
2, 7
Let a(i) = -25*i - 56. Let p be a(-6). Suppose 10*k - 3*k - 182 = 0. Let v = p - k. List the prime factors of v.
2, 17
Suppose 23431 = w - 45*r + 49*r, -2*w + 3*r + 46862 = 0. What are the prime factors of w?
23431
Let v(j) = 8*j - 9 - 7*j + 6*j + j**2 + 5*j. Let t be v(-13). What are the prime factors of 117/4 + t/(-16) - 0?
29
Suppose -3*i = -r - 12631, -2*i - 46*r + 44*r + 8426 = 0. List the prime factors of i.
4211
Suppose -4*n + 5*z = 1322, 8 = -0*z - 4*z. List the prime factors of -2 - (n - -3 - 5).
3, 37
Let b(c) = -8*c**2 - 2*c - 1. Let u be b(-1). Let p(h) = -h**3 - 7*h**2 - 6*h + 22. What are the prime factors of p(u)?
2
Suppose 2*m = -5*y + 6066, 42*y - 46*y - 3*m = -4850. What are the prime factors of y?
2, 607
Suppose 0 = -0*o - o + 2*d + 81, 0 = -3*o - d + 229. Let t = -57 + o. Suppose 22*h - 238 = t*h. What are the prime factors of h?
7, 17
Let i = -3549 + 7324. What are the prime factors of i?
5, 151
Let u(s) = -282 - 5*s - 4*s**2 + 2*s + s**2 + 285 + 40*s**3. What are the prime factors of u(2)?
5, 61
Let q(n) = -5*n**3 - 44*n**2 - 214*n - 52. What are the prime factors of q(-19)?
3, 5, 13, 23
Let u = -188 + 407. Let y = u - 148. List the prime factors of y.
71
Let d be 1 - (7 - 1)*(-119)/21. Wh